Is (1/(o - 1))/(2/(-3548)) composite?
False
Let p(f) = -2*f**2 - 3*f + 130. Let q be p(0). Is (q/(-15) - 1)*-219 a prime number?
False
Let p = 13552 + 253245. Is p a composite number?
False
Suppose 16*o - 41415 = 11*o - 5*n, 0 = 5*n. Let x be 510/((-1)/(-1))*-9. Let t = x + o. Is t a composite number?
True
Let r(o) = 613*o**2 + 15*o + 11. Is r(18) composite?
True
Let l(y) = -33*y**3 - 12*y**2 - 55*y + 31. Is l(-12) composite?
False
Let w = 647 - 635. Is (w/(-8))/((-18)/12)*35 a composite number?
True
Let f(v) = 3*v**2 + 18*v + 46. Let m(s) = 8*s - 25. Suppose -4*z + 3*z - 10 = 4*t, t + 4 = 0. Let o be m(z). Is f(o) a composite number?
True
Is (-36)/(-33) + (-8067659)/(-781) a prime number?
True
Let k(m) = 1670*m**2 + 2*m - 1. Let t be k(1). Suppose 5*z = 3*s + 5696, 4*s - t = -2*z + 623. Is z a composite number?
True
Let z = 41 + -38. Let p(q) = -q**2 + 2*q - 3. Let v be p(z). Let d(x) = 8*x**2 - 2*x - 11. Is d(v) prime?
False
Let l(p) = -p**3 - 11*p**2 - 5*p - 53. Let q be l(-11). Suppose -q*o = -254 - 144. Is o composite?
False
Suppose -5*r + 396220 = -d, -2*r + 2*d + 11463 = -147033. Is r composite?
True
Suppose 0 = 2*q + 8, 0 = -4*o + 2*o - q + 32266. Suppose 5*m - o = -8*z + 3*z, -z + 3235 = 3*m. Is z a composite number?
True
Suppose 2*d = 5*j - 437, -3*j - 270 + 35 = d. Let a be d/(-6 + (-1 - -5)). Let o = a - -65. Is o composite?
True
Suppose 11426847 = 118*a - 2624239. Is a a prime number?
False
Suppose -5*q - 91 = 1034. Let c = -106 - q. Is c prime?
False
Suppose 0 = 8*z - 14*z + 36. Let t(n) = -n**3 + 11*n**2 - 9*n - 8. Let m be t(10). Suppose 0 = v + 3*p - 788, -m*p + z*p + 3997 = 5*v. Is v a composite number?
False
Suppose -5*r + 13 = 3*y, 0 = 2*r + 3*r - 5*y - 5. Let c(g) be the third derivative of 41*g**5/20 + 5*g**4/24 - g**3/2 - 2*g**2. Is c(r) a prime number?
True
Suppose -2*c - 2 = 0, 2*c - 5025 = 5*w - 28332. Is w prime?
False
Let x(y) = -201*y + 3064. Let i be x(17). Let t(h) = 185*h**3 + 2*h**2 - h. Let b be t(2). Let r = i + b. Is r a composite number?
True
Let o = -7766 + 40471. Suppose -5*p - 80739 = -j, -5*j - o = 3*p + 15744. Is 1/(-4) + p/(-48)*3 a prime number?
True
Suppose -16 = -18*t + 2*t. Is 6 - 7324/(-5 + t) prime?
False
Let m(x) = 6 + 6*x + 3 - 4*x - 6*x**3 - 31*x**3. Let s be m(-3). Suppose 4*a = -2*c + 498, -2*a = 4*c + 3*a - s. Is c composite?
True
Let k be (16/(-24))/(4/(-42)). Let a(q) = 50 - q**2 + q + 21*q - k. Is a(18) composite?
True
Suppose 604571 = 5*p + 4*r, -120910 = -p + 22*r - 27*r. Suppose 0 = 3*m - 2*h - h - p, -5*h = -m + 40289. Is m prime?
False
Let c = 4 + -5. Let z(u) = 3 + 448*u**2 + 55*u - 22*u - 31*u. Is z(c) a prime number?
True
Let f = -136528 - -202115. Is f a composite number?
False
Is (-255861)/(-6)*(-8)/(-12) a prime number?
True
Suppose r + 5*y - 26 = 0, 4*r + 5*y = 2*y + 70. Is -92674*4/r*-2 composite?
False
Suppose 0 = c - 3, 5*c + 291580 = r + 17348. Is r composite?
True
Suppose -4*l - 3*c = -4 + 1, -5*l - 2*c = -2. Suppose -5*r + 4 = -4*r. Suppose l = -r*x - 12, 4*s - 251 = -4*x + x. Is s a prime number?
False
Let q be (-19 + 15)*1*-1. Suppose -5*i + 17 = y - 0*i, -5*i + 7 = -q*y. Suppose 7*l - y*l = 1370. Is l prime?
False
Let m be 4/18 - (-888)/(-108). Let x = m + 13. Suppose -3*d - x*d + 2008 = 0. Is d composite?
False
Suppose -3*k - 8399 = 3*h - 317, 4*k - 2*h = -10806. Let m = -1812 - k. Is m a prime number?
True
Let l(g) = 35306*g - 7987. Is l(12) a prime number?
False
Let k = 2866 + -26. Let d = k + -1062. Suppose 0 = m - 2*s - 357 - 80, 4*m = -2*s + d. Is m composite?
False
Let v be 4/24 + (-18095)/(-6). Suppose -4*b - 3*y + v = 0, 0 = 5*b - 4*b - 4*y - 735. Is b prime?
True
Let x(w) = -6168*w + 8105. Is x(-13) a composite number?
False
Let z be 0*(7 + -3)/4. Suppose z = -2*f + 4*f. Is 143 - (0 - f)/(-3) a composite number?
True
Let u(b) be the third derivative of b**5/60 + 5*b**4/8 + 13*b**3/2 - 81*b**2. Is u(-32) a prime number?
False
Let l be -5*(4 + -4 - -3). Is 14779 + 9 + (-3)/((-9)/l) composite?
False
Suppose 2*g - 12 = 5*g, -3*n - 3*g = -9123. Suppose 2*u + 593 = n. Is u a composite number?
True
Let i = -4038 + 11035. Is i a prime number?
True
Let g = -41 + 50. Suppose 3443 = g*p - 1633. Suppose p + 821 = 5*k. Is k prime?
True
Let t(c) = 791*c**2 - 15*c - 85. Is t(-8) prime?
False
Let l(c) = -c + 1. Let r be l(-1). Suppose -d - 4*m = 22, r*d + 52 = -7*m + 3*m. Is 108/d + 4 - (-10823)/5 prime?
False
Suppose -2 = -2*x - 4*m, 8*m - 11*m = 3*x. Is ((-10)/(-10))/(-2*x/12742) a prime number?
False
Let c be (-30)/(-3) - (-12)/3. Let k be 11 + 4/(8/6). Is 2614/k + c/49 prime?
False
Suppose -4*g + 1589 = -o, -8*o - 6311 = -4*o - g. Let z(c) = -292*c**2 + c + 1. Let t be z(-1). Let k = t - o. Is k prime?
False
Suppose -907*u = -888*u - 3329351. Is u composite?
False
Suppose -20*h - 3*c - 1 = -15*h, c = h + 5. Is (-4 - (-5125)/(-15))*(h + -1) a prime number?
False
Let a(l) = -2*l**3 - 97*l**2 - 5 + 12 + 211*l**2 - 3*l - 103*l**2. Suppose 0 = -0*u - u - 10. Is a(u) composite?
False
Suppose -5*b + 941696 = 4*m, 5*m + 93*b = 95*b + 1177153. Is m prime?
False
Let t = 5359 + 9034. Is t composite?
True
Let j = -2242 + 12801. Is j composite?
False
Let y = -909315 - -1288420. Is y a prime number?
False
Suppose -j = -q + 36, -4*q + 100 = 3*j - 44. Suppose q*x - 1049 = 35*x. Is x composite?
False
Let y(o) be the second derivative of 3*o**8/448 + o**7/504 - o**6/720 - o**5/120 + o**4/3 + 6*o. Let q(w) be the third derivative of y(w). Is q(2) prime?
False
Let p(y) = -3*y**3 - 79*y**2 + 157*y - 62. Is p(-48) composite?
True
Let w(o) = -2*o**3 - 175*o**2 + 174*o - 443. Is w(-90) a composite number?
True
Suppose d - f = -4*f + 134, 4*f = 5*d - 613. Let v be (d/25)/(1/1). Suppose -4094 - 6461 = -v*r. Is r prime?
True
Suppose -214*h + 169*h + 29452095 = 0. Is h prime?
True
Let c(u) = -2906*u**3 - 23*u**2 - 250*u + 10. Is c(-9) prime?
True
Suppose -4*t = 4*n - 16, -6*t + t + 4*n + 11 = 0. Suppose 3*w - 6*c - 8013 = -t*c, -5*c = -w + 2671. Is w a prime number?
True
Suppose -146358 - 1411203 = -87*i. Is i a composite number?
False
Is (-4313066)/(-20) - (-102)/(-340) a composite number?
False
Let w(c) = 59*c**3 + 9*c**2 - 3*c - 177. Is w(10) composite?
False
Let z = -59 + 63. Suppose 6803 = -z*y + 54427. Is y a composite number?
True
Suppose -2*r - 2*n - 9868 = -5*r, -4*n = -4*r + 13156. Let l = r + -1929. Is l a composite number?
False
Let w(u) = 22363*u + 8957. Is w(32) a prime number?
True
Suppose 0 = 5*r + 20, 4*r - 3624 = -i + 22081. Let u = i + -10688. Is u a prime number?
False
Is (-6 + 2)*(-2)/8*91043 prime?
False
Let o be (14/(-21))/(3/(-2 + 18929)). Let h = -1893 - o. Suppose -h - 5138 = -j. Is j prime?
True
Let d(w) = 27*w**2 + 33*w - 225. Is d(-47) prime?
False
Let w(q) = 10*q**2 + q + 6. Let u be w(-7). Suppose u = -d - 562. Let m = d - -3254. Is m prime?
True
Let d = 526931 + -179058. Is d composite?
False
Suppose -3*l = -44*h + 45*h - 171754, 2 = 2*h. Is l a prime number?
True
Suppose -74 + 2 = -8*k. Suppose -6007 = -2*w + 5*z, k*z = 5*w + 4*z - 15040. Is w composite?
False
Suppose -5*p - 114 = -89. Is -4863*(p/(-3) - 2) prime?
True
Let b(r) = -3*r**3 - 72*r**2 - 8*r - 218. Is b(-57) a composite number?
False
Suppose -95*x - 22722 = -92*x. Let w be (x/(-3))/(8/12). Is (w/4)/7*4 a composite number?
False
Suppose 4*d = -4*d + 47360. Suppose -2*o = -3*b - d, 2*o = 6*o + 2*b - 11824. Is o a composite number?
False
Suppose 2*f = -2*s + 111448, -333*s + 329*s + 4*f + 222872 = 0. Is s composite?
False
Suppose 0 = -12*b + 56 + 40. Is (-1 - 0)*(-63 - b) composite?
False
Suppose 4*s + 260 = 9*s. Let n = s + -48. Is (-29410)/(-22) + n/22 prime?
False
Let i = 571 - 557. Is 100136/(-12)*(-21)/i a prime number?
True
Let a be 1*(-10)/5*1/(-1). Suppose 0 = -o - a*o. Suppose 7*m = -o*m + 5215. Is m a composite number?
True
Let b be (-99)/55 + 1 + 18/(-15). Is b/(2 - (-1161)/(-579)) + -4 prime?
False
Suppose -4*t + 193 = 185. Suppose t*v = -4*d + 9786, -v - 24453 = -6*v + 2*d. Is v prime?
False
Let s(r) = 5*r - 32*r**2 - 23*r**2 - 36*r**2 - 23 - 5*r**3 + 101*r**2. Is s(-7) composite?
True
Suppose -6813226 - 2932383 = -34*t - 1938835. Is t a prime number?
False
Let l(k) = k**3 - k**3 - 3*k**3 + 2*k**3 - 21*k**2 + 23. Let g be l(-21). Suppose -g = -o - 4. Is o a composite number?
False
Let n